8 and 49338?
18
Calculate the highest common factor of 2928 and 16.
16
Calculate the greatest common factor of 1414 and 28.
14
What is the highest common factor of 850 and 50?
50
Calculate the greatest common divisor of 30 and 330.
30
What is the highest common factor of 56 and 1624?
56
Calculate the greatest common factor of 31 and 31.
31
What is the greatest common factor of 74 and 2146?
74
Calculate the greatest common divisor of 627 and 152.
19
Calculate the greatest common divisor of 83 and 1245.
83
Calculate the greatest common factor of 12 and 580.
4
Calculate the greatest common factor of 17232 and 72.
24
Calculate the greatest common factor of 2016 and 2772.
252
Calculate the greatest common factor of 8 and 22.
2
Calculate the highest common factor of 9 and 8.
1
Calculate the highest common factor of 485 and 1067.
97
What is the greatest common divisor of 1503 and 72?
9
What is the highest common divisor of 660 and 60?
60
What is the greatest common factor of 216 and 40?
8
What is the highest common divisor of 2820 and 60?
60
Calculate the greatest common factor of 20 and 1580.
20
What is the highest common factor of 286 and 130?
26
What is the highest common factor of 20 and 30?
10
Calculate the greatest common divisor of 13028 and 16.
4
What is the greatest common factor of 4 and 19?
1
What is the greatest common factor of 266 and 5434?
38
Calculate the highest common factor of 100 and 1200.
100
Calculate the greatest common divisor of 40 and 640.
40
Calculate the greatest common factor of 38599 and 29.
29
What is the highest common factor of 66 and 6171?
33
Calculate the highest common divisor of 19 and 7543.
19
Calculate the greatest common divisor of 810 and 330.
30
What is the greatest common factor of 222 and 17538?
222
What is the highest common divisor of 17 and 2924?
17
Calculate the greatest common factor of 46 and 4.
2
Calculate the highest common divisor of 70 and 56.
14
Calculate the highest common factor of 13 and 2691.
13
Calculate the greatest common factor of 1624 and 29.
29
What is the highest common factor of 216 and 324?
108
What is the greatest common factor of 9 and 1?
1
What is the greatest common factor of 184 and 46?
46
Calculate the greatest common factor of 8 and 6.
2
Calculate the highest common factor of 54 and 351.
27
What is the highest common divisor of 8 and 8?
8
Calculate the highest common divisor of 16150 and 4275.
475
Calculate the highest common factor of 72 and 162.
18
Calculate the highest common divisor of 2 and 1994.
2
What is the greatest common divisor of 64 and 16?
16
What is the highest common divisor of 3 and 591?
3
What is the highest common divisor of 52 and 1326?
26
Calculate the highest common divisor of 20 and 110.
10
Calculate the highest common factor of 66 and 2112.
66
What is the highest common divisor of 171821 and 13?
13
What is the greatest common factor of 42 and 1344?
42
What is the highest common divisor of 155 and 1364?
31
What is the greatest common divisor of 51 and 1564?
17
What is the greatest common divisor of 70 and 820?
10
Calculate the highest common factor of 824 and 309.
103
What is the highest common factor of 114 and 30?
6
What is the greatest common factor of 48 and 25104?
48
Calculate the greatest common divisor of 291 and 388.
97
Calculate the greatest common divisor of 130 and 52.
26
What is the greatest common divisor of 2930 and 70?
10
What is the greatest common factor of 2002 and 910?
182
What is the highest common factor of 40 and 64?
8
Calculate the highest common divisor of 384 and 72.
24
What is the highest common divisor of 378 and 350?
14
What is the highest common divisor of 125 and 175?
25
What is the highest common factor of 10508 and 296?
148
Calculate the greatest common factor of 424 and 2014.
106
What is the greatest common factor of 3136 and 12992?
448
What is the greatest common factor of 2183 and 37?
37
What is the greatest common factor of 1073 and 58?
29
Calculate the greatest common divisor of 7 and 14.
7
Calculate the greatest common divisor of 11376 and 144.
144
What is the highest common factor of 155 and 15?
5
What is the greatest common factor of 403 and 155?
31
Calculate the greatest common factor of 513 and 114.
57
What is the highest common divisor of 10902 and 237?
237
What is the greatest common factor of 65 and 39?
13
Calculate the highest common factor of 2656 and 913.
83
What is the highest common divisor of 54 and 186?
6
Calculate the highest common divisor of 176 and 8.
8
Calculate the greatest common divisor of 208 and 1586.
26
Calculate the highest common factor of 264 and 2772.
132
What is the greatest common divisor of 72 and 248?
8
Calculate the greatest common divisor of 285 and 90.
15
What is the greatest common factor of 35 and 567?
7
Calculate the highest common factor of 9747 and 27.
27
What is the highest common divisor of 240 and 165?
15
Calculate the highest common divisor of 78 and 1326.
78
What is the greatest common factor of 4345 and 110?
55
What is the highest common divisor of 2595 and 60?
15
Calculate the highest common divisor of 29 and 725.
29
What is the greatest common factor of 559 and 215?
43
Calculate the highest common divisor of 354 and 6549.
177
What is the greatest common factor of 35 and 315?
35
Calculate the greatest common divisor of 285 and 190.
95
Calculate the highest common divisor of 1551 and 22.
11
What is the highest common divisor of 14601 and 93?
93
What is the greatest common factor of 102 and 120?
6
Calculate the highest common divisor of 285 and 465.
15
Calculate the highest common divisor of 22068 and 36.
36
What is the highest common divisor of 5 and 28275?
5
Calculate the greatest common factor of 689 and 208.
13
What is the greatest common divisor of 45 and 120?
15
Calculate the highest common factor of 2268 and 72.
36
Calculate the greatest common divisor of 1001 and 91.
91
Calculate the highest common factor of 56450 and 50.
50
What is the greatest common factor of 1584 and 18?
18
What is the highest common divisor of 14 and 322?
14
What is the highest common factor of 48 and 300?
12
Calculate the highest common factor of 7172 and 163.
163
What is the highest common factor of 330 and 24?
6
What is the highest common divisor of 184 and 713?
23
What is the highest common factor of 8 and 216?
8
Calculate the highest common divisor of 754 and 26.
26
Calculate the highest common divisor of 12 and 5706.
6
What is the greatest common divisor of 986 and 34?
34
Calculate the highest common divisor of 4110 and 18.
6
Calculate the highest common factor of 6452 and 4.
4
Calculate the greatest common divisor of 11 and 473.
11
Calculate the highest common divisor of 623 and 1.
1
What is the highest common divisor of 7 and 378?
7
Calculate the highest common divisor of 2 and 166.
2
What is the greatest common factor of 1102 and 58?
58
What is the greatest common divisor of 1405 and 5?
5
What is the highest common divisor of 27 and 513?
27
Calculate the highest common factor of 168 and 564.
12
What is the highest common factor of 58 and 20938?
58
Calculate the greatest common factor of 2506 and 112.
14
Calculate the highest common factor of 278 and 2.
2
What is the highest common factor of 16 and 76?
4
What is the greatest common factor of 20 and 21260?
20
Calculate the highest common factor of 1958 and 44.
22
What is the highest common factor of 33 and 2629?
11
Calculate the greatest common divisor of 21 and 14035.
7
Calculate the highest common factor of 99 and 5.
1
Calculate the greatest common factor of 1199 and 8175.
109
Calculate the highest common divisor of 129 and 1591.
43
What is the highest common factor of 112 and 938?
14
What is the greatest common divisor of 162 and 18?
18
Calculate the greatest common factor of 8 and 5968.
8
Calculate the greatest common factor of 1105 and 143.
13
What is the greatest common divisor of 80 and 17960?
40
Calculate the greatest common divisor of 33884 and 172.
172
What is the greatest common divisor of 140 and 40?
20
Calculate the highest common factor of 23 and 92.
23
What is the highest common factor of 19280 and 8?
8
Calculate the greatest common factor of 976 and 32.
16
Calculate the highest common factor of 35 and 15.
5
Calculat